6*k + 3. Let l be m(6). What is the greatest common divisor of 303 and l?
3
Suppose -2*f = 3*w - 6 - 19, 2*w + 20 = 2*f. What is the greatest common divisor of f and 176?
11
Suppose 5*z + 5*z = 20. Suppose -5*g + 4*h + 64 - 4 = 0, 24 = 2*g + z*h. Calculate the highest common divisor of g and 30.
6
Let y(c) = -c**2 - 7*c - 6. Let b be y(-4). Let t be 386/12 + (-1)/b. Calculate the greatest common divisor of 32 and t.
32
Suppose -3*o = -111 + 93. What is the highest common factor of o and 192?
6
Let w = 7 + -5. Let y(b) = 1 + 0*b**w + 0*b**2 - 10*b + 10*b**3 + 7*b. Let a be y(2). Calculate the highest common factor of 30 and a.
15
Let k = 5 + 0. Suppose v - 5*t - 81 = -3*v, k*v - t - 75 = 0. Suppose h + 164 = 4*s, 0 = -5*s + h + 341 - 135. What is the highest common divisor of v and s?
14
Let p = -7 - -49. What is the greatest common factor of p and 6?
6
Let c = -358 + 399. Calculate the highest common divisor of c and 41.
41
Let o be 51*(-2)/18*-3. Let t(j) be the second derivative of j**3/6 + 11*j**2 - 6*j. Let g be t(-5). Calculate the greatest common factor of g and o.
17
Let y(u) = 7*u + 141. Let c be y(-13). Calculate the greatest common factor of c and 75.
25
Let c(m) = -5*m - 31. Let d be c(-17). Let q be 18/45*(1 + d). What is the highest common divisor of 44 and q?
22
Let v = -308 - -523. What is the highest common divisor of v and 5?
5
Let z(y) = -2*y**3 - 3*y**2 - y + 1. Let r be z(-2). Suppose 0 = 170*n - 173*n + 21. What is the highest common factor of n and r?
7
Suppose -5*m - 130 = -3*v - 477, m - 67 = 3*v. Suppose 5*z = z + 16. Let t be (z/4)/(1/10). Calculate the greatest common divisor of m and t.
10
Let o be ((-924)/(-8))/((-37)/(-148)). What is the greatest common divisor of o and 210?
42
Suppose -34 = -2*l + 50. Let n = -41 + l. What is the highest common factor of 7 and n?
1
Let t = 100 + -90. Suppose 35 + 5 = t*q. Calculate the highest common factor of q and 8.
4
Suppose -5*w - w + 30 = 0. Let n be (1 + 4 + (3 - 6))*w. Calculate the highest common divisor of n and 15.
5
Let n be ((-420)/(-80))/((-3)/(-88)). What is the greatest common divisor of 44 and n?
22
Suppose 38*z + 40 = 39*z. Calculate the greatest common divisor of z and 520.
40
Suppose -4*y - 1 = 23. Let f = y + 120. What is the highest common divisor of 76 and f?
38
Let d be 60/14 - 16/56. Suppose d*c + 0*c = 0. Suppose -3*x - 3*z = -168, 3*z + 12 + 0 = c. What is the greatest common divisor of x and 20?
20
Let s(k) = -k**3 + 7*k**2 + 12*k + 8. Let r be s(8). Let y be ((0 - r)/4)/(3/(-30)). Calculate the highest common factor of 10 and y.
10
Let c = 8 + -1. Suppose c*i = 2*i + 1280. What is the highest common divisor of 64 and i?
64
Suppose -486 = -5*w - 236. Calculate the greatest common divisor of w and 425.
25
Let h be ((-2)/(-6))/(1/3). Let s = 1 + h. Let v(q) = 3*q**2 + 218*q - 292. Let u be v(-74). Calculate the highest common divisor of s and u.
2
Suppose 0 = 2*h + 2*k - 23 - 77, -h - 2*k + 52 = 0. What is the highest common factor of 216 and h?
24
Suppose -c = 2*b - 455, -457 = 7*c - 8*c - 3*b. Calculate the greatest common factor of c and 41.
41
Let l(u) = -94*u + 11. Let n be l(-1). What is the greatest common factor of 255 and n?
15
Let d(h) = -h + 10*h**3 + 5*h**3 + 11*h**3 - 27*h**3. Let g be d(-1). Suppose g = 2*v - 10. What is the highest common divisor of v and 3?
3
Suppose -95 = -c - 3*s, 0 = -2*c - 2*s - 33 + 203. What is the highest common factor of c and 25?
5
Let p(t) = -7*t + 26. Let d be p(3). What is the greatest common divisor of 40 and d?
5
Suppose -2*w - 3*m = -23, 5*w + 0*w = 5*m + 95. Let c be w/(-6)*(-102)/8. Let v = -25 + c. What is the greatest common divisor of v and 36?
9
Suppose -2507 + 2510 = a. Calculate the highest common factor of 96 and a.
3
Let z(d) = d**3 - 23*d**2 + 3*d - 57. Let r(l) = -l**2 + 10*l + 14. Let u be r(9). Let o be z(u). What is the greatest common divisor of 60 and o?
12
Let k be 276 + (-36)/(-6) + 5. What is the greatest common factor of k and 123?
41
Let r(v) = -v**3 - 28*v**2 + 3*v + 78. Let i be r(-29). What is the greatest common divisor of 128 and i?
64
Suppose -35*d = -54*d + 228. Calculate the highest common factor of d and 3.
3
Suppose 17*h + 15 = 12*h. Let d be 1/h + (-3523)/(-39). Let l be 15/d - 154/(-12). Calculate the greatest common factor of l and 26.
13
Let c = 149 + -139. Suppose 4*y = c*y - 66. Let r be 4*(-2 + 45/6). Calculate the highest common factor of r and y.
11
Let w(f) = -39*f - 2. Let l be w(-4). Let m be 18/45*-1 + (-144)/(-10). What is the greatest common divisor of m and l?
14
Let v(u) = 16*u + 65. Let g be v(9). What is the greatest common divisor of g and 66?
11
Suppose 3*j = 7*j - 36. Suppose -j*n + 7*n = -108. What is the highest common divisor of 81 and n?
27
Suppose 1558 - 262 = 108*p. What is the greatest common divisor of p and 3936?
12
Let v = 15 + -5. Let q(a) = 5*a**2 + 12*a + 3. Let t be q(-4). Calculate the greatest common factor of t and v.
5
Let f(a) = 4*a**3 + a**2 + 2*a + 1. Let b be f(3). Suppose 2*v = -2*v - b. Let m = -21 - v. What is the highest common factor of m and 30?
10
Suppose y - 5*c - 12 = 0, 0 = 5*y + c - 122 + 36. Let n(g) = -g**2 + 12*g - 1. Let q be n(7). Calculate the highest common factor of q and y.
17
Let k = 24 + 216. What is the greatest common factor of k and 10?
10
Let y = 52 - -32. Suppose 0 = -6*g - 0*g + y. Let k(r) = 3*r**2 + 7*r + 2. Let d be k(5). Calculate the greatest common divisor of g and d.
14
Let l = 86 - 62. What is the highest common divisor of l and 16?
8
Let j be (-544596)/(-273) - (-1)/7. What is the highest common divisor of j and 21?
21
Suppose -5*p = -14 - 1. Suppose 9 = -m - p*h, 0 = m - 4*h - 16 - 3. Suppose m*l = -l + 160. What is the highest common factor of 20 and l?
20
Suppose -p + 36*f = 39*f - 285, 4*p - 2*f - 1070 = 0. What is the greatest common factor of p and 60?
30
Let l(x) = 32*x**2 + 9*x - 5. Let g be l(-10). Calculate the greatest common divisor of 23 and g.
23
Suppose 25 = -10*y + 11*y. Let m be 12 + -10 - 0/1. Suppose 4*k - 14 = 2*u, 3*k = m*k - u + 8. What is the highest common factor of y and k?
5
Suppose 7*q - 88*q = -486. What is the highest common factor of q and 2226?
6
Suppose 5*r - 150 = 3*r. Suppose -8*m + 3*m + 3*k = -140, -20 = -m - k. What is the highest common factor of r and m?
25
Suppose 13 + 256 = 3*d - g, 3*g - 3 = 0. What is the highest common divisor of d and 90?
90
Let a be 100 - (-6)/2 - -2. Let s be (2/10)/((-6)/15)*-42. Calculate the highest common divisor of a and s.
21
Let v = -2 + 10. Suppose v*m = 5*m. Suppose m = -2*h + 3*h - 9. Calculate the greatest common divisor of 18 and h.
9
Let k = -28 - -19. Let g = k - -9. Suppose 5*j = -c + 23, g = 3*c - 4*c - 2*j + 20. What is the greatest common divisor of 162 and c?
18
Let n be 1 - 0 - (-66)/2. Suppose 2*m - 4*g - 360 = 0, 0 = -5*m - 62*g + 66*g + 870. Calculate the greatest common divisor of m and n.
34
Let x(j) = 7*j - 1. Let i be x(3). Let p = 34 + 2. Suppose 40*m - p*m - 160 = 0. Calculate the highest common factor of i and m.
20
Suppose b + 3*q = -3*b - 1, 3*b - 5*q = 21. Suppose -2*m + 2*f = f - 124, -b*m + 144 = 4*f. Calculate the greatest common factor of m and 16.
16
Suppose 5*p - o + 443 - 4129 = 0, -2*p = 4*o - 1470. What is the greatest common factor of p and 67?
67
Suppose 13*l = 127 + 55. What is the highest common factor of 350 and l?
14
Suppose 0*o + 2*o = -3*c + 593, -c + 5*o = -175. Suppose -6*d = -93 - c. Calculate the greatest common divisor of 12 and d.
12
Let r(f) = f + 17. Let z(n) = -n**2 - n - 5. Let q(w) = w - 9. Let u be q(9). Let t be z(u). Let h be r(t). Calculate the highest common factor of 30 and h.
6
Suppose -19 = x - a - a, -2*a + 63 = -5*x. Let f be (14/3)/(x/(-99)). What is the greatest common factor of f and 70?
14
Let v = -85 - -130. Suppose -v = -5*a + 5*r, -16 - 19 = -3*a - r. What is the greatest common divisor of 44 and a?
11
Let t be 56/(-48)*-4 + 2/6. What is the greatest common factor of 65 and t?
5
Let h(c) = -8*c**3 - c**2 + 2*c + 1. Let x be h(2). Let p = 109 + x. What is the highest common divisor of 69 and p?
23
Let j = -23 + 13. Let q be (16/j)/((-12)/150). What is the highest common divisor of q and 80?
20
Let t = -1319 - -1385. Let j be 6 - 1*(2 - 2). Calculate the